r of k and 18?
18
Let m(f) = -2*f**3 + 9*f**2 - 2*f + 4. Let r = -67 - -71. Let i be m(r). What is the highest common factor of 60 and i?
12
Let i = 110 - 96. Suppose -2*x - 42 = -5*x. Calculate the highest common factor of x and i.
14
Let y(g) = -5*g + 5. Let c be y(-2). Let x = -37 - -42. Calculate the highest common factor of x and c.
5
Let u = -4 - -34. Suppose 173*j - u = 170*j. Calculate the highest common factor of 20 and j.
10
Let o(s) = 15*s - 5. Suppose j - 2*r + 10 = 2*r, 0 = 4*r - 12. Let y be o(j). Calculate the greatest common factor of 5 and y.
5
Suppose 22 = o + 9. Suppose -5*i + 2 + o = 0. Let w be (81 - i) + (-9)/(-3). What is the greatest common factor of 9 and w?
9
Let i(n) be the third derivative of -7*n**4/24 - 23*n**3/6 - n**2. Let c be i(-5). Calculate the greatest common factor of 48 and c.
12
Let f be (-15)/2*(-12)/(-15). Let b = -2 - f. Suppose 5 = -5*a - 5*k + 3*k, 29 = 4*a - 5*k. Calculate the greatest common divisor of a and b.
1
Suppose 8*y = 28 + 220. Let s = 25 + y. What is the greatest common divisor of s and 28?
28
Let k = 77 + -67. Let y be 4/(20/5) + k. What is the greatest common divisor of 88 and y?
11
Suppose -25*g = -1122 - 753. What is the highest common factor of 150 and g?
75
Let j = -150 + 205. Calculate the greatest common factor of 319 and j.
11
Let i be 54 + 2/2 + 1. Suppose -7*d + 0 + i = 0. What is the greatest common divisor of 24 and d?
8
Let r be (-4)/(-20) - (1 - 18/10). Let k be -5*(7/(-70))/(r/4). What is the greatest common factor of k and 4?
2
Let p(w) = 2*w + 4. Let o be p(5). Suppose -2*f + 1125 = 3*f. Suppose h - 5*t = 57, 4*h - 5*t - f = -h. Calculate the greatest common factor of h and o.
14
Let q be (-4932)/(-63) + 2/(-7). Suppose -76*j - 56 = -q*j. What is the highest common factor of 7 and j?
7
Suppose 0 = 2*i - 8*i - 14010. Let w be i/(-25) + (-2)/5. Calculate the highest common divisor of w and 31.
31
Let l = 19 + -12. Suppose l = 5*g - 3. Let x = -1 - -17. Calculate the greatest common factor of x and g.
2
Let z(t) = 2*t**2 + 22*t. Let g be z(-13). Let o = -49 + g. Calculate the greatest common factor of 1 and o.
1
Suppose -78 = -9*g + 6*g. Let t be (-9)/(-2 + 1)*-24. Let c = g - t. What is the highest common factor of 22 and c?
22
Let x(h) = -h**2 - 7*h + 5. Suppose 3*y - 2*d = -8, -2*y - 8 = 5*d + 10. Let v be x(y). What is the highest common divisor of v and 187?
17
Suppose 2*c + 0*c - 4*w = 40, -3*w - 19 = -c. Suppose -c*l + 210 = -17*l. Calculate the highest common factor of 12 and l.
6
Let f be 0 - (-1)/10 - (-233681)/490. Calculate the highest common factor of 106 and f.
53
Let m(h) = 9*h**3 + 5*h**2 - 10*h + 2. Let b be m(2). Calculate the highest common factor of b and 1184.
74
Suppose 2*q = 2*p + 2*p - 114, p = -q + 21. Calculate the greatest common factor of 26 and p.
26
Let k be 7 - 2260/(-36) - (-2)/9. Suppose -7*t = -8*t + k. Calculate the greatest common divisor of t and 14.
14
Let w(h) be the first derivative of 2*h**2 + 24. Let c be w(3). Calculate the highest common divisor of c and 12.
12
Let h(u) = u**2 - 7*u - 13. Let n be h(10). Calculate the highest common divisor of 17 and n.
17
Suppose -47*f - w - 1045 = -51*f, -3*f - w = -782. Calculate the highest common divisor of f and 696.
87
Let a be (-4)/(-26) + (-304)/(-52). Suppose -c - j = -3*j - 38, a = 2*j. Suppose 4*s + 4 - c = 0. Calculate the greatest common divisor of 10 and s.
10
Suppose -1027 = -j + k - 82, -5*j + 4733 = -3*k. What is the highest common factor of 13 and j?
13
Suppose -157 - 59 = -4*c. What is the highest common divisor of c and 270?
54
Suppose 10*n = 9*n - 10. Let q be (-50 + 14)*n/8. Suppose -2*p = -5*p + q. What is the highest common divisor of p and 135?
15
Let p(q) = -1 + 8*q - 4 - 5 + q**2. Let h be p(-10). Let a be (48/h)/(12/40). Calculate the highest common divisor of 48 and a.
16
Suppose 6 - 2 = h. Suppose -2*v - 68 = -4*d + 68, -h*v = -16. Calculate the greatest common divisor of d and 9.
9
Let z = 169 - 142. What is the greatest common factor of 108 and z?
27
Suppose 4*j + 5*x = -7, 2*x + 6 + 6 = 3*j. Suppose 0*s + 296 = -j*s. Let h = s - -268. Calculate the greatest common divisor of 48 and h.
24
Suppose -2*k + 39 = -5*v, -4*k + 0*v = 3*v - 39. Suppose u - 154 = 2*w - 40, 5*w = -15. What is the highest common factor of k and u?
12
Let t = 15 - -3. Let u = t - -24. Let n = -24 + u. Calculate the greatest common factor of 72 and n.
18
Suppose 21 - 16 = u, 160 = 3*m - 4*u. Calculate the highest common factor of m and 45.
15
Let s(r) = -r**2 - 19*r + 1. Let d be s(-16). What is the greatest common factor of d and 35?
7
Suppose 0 = -2*v - 4*b - 8, -62*v - 3*b = -57*v - 8. What is the greatest common divisor of 232 and v?
4
Let s(y) = -y**3 - y - 5*y + 0*y - 4*y**2 + 1. Let g be s(-5). Suppose -4*d = 4*b - 5*d - 54, -b = -d - 12. What is the highest common factor of b and g?
14
Suppose 0 + 4 = 2*h. Suppose -28 = -2*w - 5*n + 3*n, 0 = -h*n - 2. Suppose 12*i - 180 = -60. Calculate the greatest common divisor of i and w.
5
Let o = -291 + 516. Let q be -75*(2 + 14/(-6)). Calculate the greatest common divisor of o and q.
25
Let x = -2040 + 3559. Calculate the greatest common divisor of x and 49.
49
Let h(j) = j**2 - 6*j + 8. Let a be h(5). Let c(o) = 2*o - 6. Let l be c(5). Let t be (20/l)/(a/3). Calculate the highest common factor of t and 55.
5
Let h = 10 + -5. Suppose 0 = h*j - 4*n + 216, 7*n - 41 = j + 4*n. Let m = j + 80. Calculate the highest common divisor of m and 24.
12
Let q(k) = k**3 + 9*k**2 - 27*k - 26. Let u be q(-11). What is the greatest common factor of u and 145?
29
Let d(c) = 3*c + 2. Let v be d(2). Suppose 5*h + 8 + 26 = r, 2*h + v = 0. Calculate the greatest common divisor of 154 and r.
14
Let m(q) be the second derivative of -q**5/20 + q**4/12 + q**3 + q**2 - 17*q. Let a be m(-3). What is the highest common factor of 80 and a?
20
Let v be (-3 - -3) + -2 - 86. Let n = -25 - v. Calculate the greatest common divisor of 9 and n.
9
Suppose 4*w + 10*q - 215 = 7*q, 30 = w - 4*q. Let z be ((-288)/60)/(-1 - (-47)/w). What is the highest common factor of 10 and z?
10
Let j be 6/(-9)*-6*8. What is the greatest common factor of 512 and j?
32
Let u = 60 - -4. What is the greatest common divisor of u and 112?
16
Suppose v - 7*v + 168 = 0. Let c = -15 + v. What is the highest common divisor of c and 1?
1
Let k(t) = -t**3 - 7*t**2 + 10. Let a be k(-7). Let u be (-26)/(-143) + 24*(-160)/(-55). What is the highest common factor of a and u?
10
Let x be 6/10 + (-240)/(-100). Let u(i) = -i - 1. Let m be u(-3). Suppose -30 - 1 = -5*f - x*d, -m = -d. Calculate the greatest common divisor of f and 35.
5
Let a(m) = 3*m + 14. Let t be a(7). What is the highest common divisor of t and 10?
5
Suppose -204 = -6*v - 48. Suppose -u = -7 - v. Calculate the greatest common factor of 77 and u.
11
Let q = -170 - -394. Let j(z) = -z**3 - 4*z**2 + 3. Let o be j(-5). What is the highest common divisor of q and o?
28
Suppose -13*r + 4788 = 836. Calculate the highest common divisor of 16 and r.
16
Let k(v) = -v**3 + 64*v**2 - 62*v - 33. Let m be k(63). Let x = -8 - -14. What is the highest common factor of m and x?
6
Let z = -41 + 51. Let x(c) = -c**2 + 15*c + 16. Let l be x(z). What is the highest common factor of l and 6?
6
Suppose -70 = -q - 4*u, -u + 6*u = 25. Suppose -q = o - 6*o. Let a(n) = -3*n**3 + 6*n + 3. Let d be a(-2). What is the greatest common factor of o and d?
5
Suppose -2*x - 83 = 4*w + 37, -3*w + x - 100 = 0. Let y = w - -53. Let b = y - 12. Calculate the highest common divisor of 1 and b.
1
Let o(d) = d**2 - 7*d - 8. Let z be o(8). Let m(a) = -a**2 - 2*a + 23. Let k be m(z). Suppose 0 = -3*i + 80 - k. What is the highest common factor of 114 and i?
19
Suppose 2*w - 23 = -3*v, 4*w + 1 = 5*w. Let x(d) = d**2 - 5*d - 6. Let m be x(v). Let o = 23 - m. Calculate the highest common factor of 5 and o.
5
Let a be (-626583)/(-3310) - (-3)/(-10). Suppose 0 = -4*g + 23 + 5. What is the highest common divisor of g and a?
7
Suppose 5*p + 636 + 65 = 3*u, 0 = -3*p + 5*u - 427. Let k be p/(-7) - 2/(-14). What is the highest common divisor of k and 10?
10
Let j(x) = x**2 + 535. Let i be j(0). Let v = -349 + i. Suppose 2*w + 4*w = v. What is the highest common factor of 341 and w?
31
Let r = -3